+ 19 + 495. What is the highest common factor of 56 and q?
14
Suppose 3*c = 4*i + 9, -5*i - 13 = -2*c - 0*i. Let j be 1/(-4) + (c/4)/(-1). Suppose j = -0*x + 2*x - 304. What is the greatest common factor of x and 19?
19
Let i be (-7940)/(-120) - (-2)/(-12). Suppose i = 6*b - 42. What is the greatest common divisor of 252 and b?
18
Let w be 3*(-8)/(-6) - -3. Suppose w*b + 957 = 1209. Calculate the greatest common factor of 372 and b.
12
Let f be (-7)/((-546)/72606) - (54/(-13) + 4). What is the highest common factor of 342 and f?
19
Let g be (555/(-74))/(6/(-4) + 1). Suppose 12 = -4*z, 3*n = -2*z - z + g. What is the highest common divisor of n and 184?
8
Let g(f) = 17*f**2 - 68*f - 299. Let j be g(-35). What is the highest common divisor of 26 and j?
26
Let s = -24830 + 24847. Calculate the highest common factor of 3723 and s.
17
Suppose 2*b = -4*f + 122, 72653*b - 72654*b = -3*f + 29. Let r(s) = -35*s**3 - s**2 + 1. Let c be r(-1). What is the highest common factor of b and c?
5
Let v(d) = d**3 - 3*d**2 + 7*d + 147. Let z be v(17). Calculate the highest common divisor of z and 88.
88
Let v(m) = 263*m - 12499. Let g be v(48). Calculate the greatest common factor of g and 240.
5
Let q = 2182 + 9041. Calculate the greatest common divisor of q and 29.
29
Let u = 349 + -301. Let d be (u/40)/(1/15). Calculate the highest common divisor of d and 27.
9
Let r(o) = -47*o**2 + 49*o**2 + 7*o**2 + 2*o + 31*o**2. Let z be r(1). Calculate the highest common factor of z and 238.
14
Let j(a) = 7664*a - 424. Let v be j(3). Calculate the highest common factor of v and 182.
182
Suppose 4*k = 706 + 30. Let i be 5/(125/(-15)) + (-288)/(-30) + 7. Calculate the greatest common factor of k and i.
8
Let w(b) = b - 27. Let v be w(14). Let l = -17 + v. Let o = 38 + l. Calculate the greatest common divisor of o and 24.
8
Let i(v) = 46*v - 301. Let x(u) = -3*u + 1. Let g(p) = -i(p) - 5*x(p). Let f be g(9). Calculate the highest common factor of 136 and f.
17
Suppose 0 = 7*d - 18*d + 143. Let v(n) = -9*n + 9. Let u be v(d). Let w be (u/(-10))/((-78)/(-15) + -5). What is the highest common divisor of w and 6?
6
Let q(i) = 63*i - 51*i - i**2 - i**3 + 9*i**2 + 7. Let z be q(7). What is the greatest common factor of 14 and z?
14
Let z = 17 - -97. Suppose -94 = 2*t + z. Let y be (12/8)/(-2 - 210/t). What is the greatest common factor of 52 and y?
26
Let z(k) = 3*k**3 + 21*k**2 - 14*k - 56. Let n be z(-6). Calculate the highest common factor of n and 472.
8
Let l = 34339 - 31627. Calculate the highest common factor of l and 48.
24
Suppose 12*h = 9*h + 9, -194 = -5*f + 2*h. Let l be 763/8 - 6/16. Suppose 85 + l = 3*c. What is the greatest common divisor of c and f?
20
Let x = 135 - 93. Let o = -36 + x. Suppose -211 + 55 = -o*r. What is the highest common factor of 13 and r?
13
Let a be 1 - 1 - 0 - 1. Let u(y) = -3*y + 1. Let g be u(a). Let b(c) = 128*c - 26080. Let i be b(204). What is the highest common factor of g and i?
4
Let m(d) = d**3 + 21*d**2 + 16*d - 66. Let r be m(-8). Calculate the highest common divisor of 899 and r.
29
Let r be 58/14 + 4/(-28) + 94. Let o = -186 + 529. What is the highest common divisor of o and r?
49
Suppose 25*o - 179 = 5321. Calculate the highest common divisor of o and 1820.
20
Suppose 40 = -q - q + 260. What is the greatest common factor of q and 1265?
55
Suppose -4*u = -2*w + 16, u = 4*u + 15. Let i be (-60)/(-40)*w/(-3). Suppose -5*n + 41 = i. Calculate the highest common factor of n and 64.
8
Let o be 0*(27/(-18))/(9/6). Suppose -122*a + 126*a - 208 = o. Calculate the greatest common divisor of a and 182.
26
Let z = -119 + 182. Suppose -9*s + 58624 = -53*s + 58932. What is the highest common divisor of z and s?
7
Suppose 2*p = -4*k + 26, 14*k = 13*k + 4*p + 29. Suppose 0 = k*v - 10*v + 1. Calculate the highest common factor of 1 and v.
1
Suppose 3*f + s = 8*f - 172, 0 = -4*f + 5*s + 146. Suppose 105 = f*y - 1425. Calculate the greatest common factor of y and 20.
5
Suppose -56*s + 3864 = -23*s - 27*s. Calculate the greatest common divisor of s and 414.
46
Let w = 8 + -6. Suppose -9*p - 5*c = 692 - 2224, p + 5*c - 188 = 0. What is the highest common factor of w and p?
2
Suppose -1336*l = -1366*l + 4500. What is the highest common divisor of l and 1725?
75
Let w(r) = 78*r**3 + 2*r**2 - 17*r + 32. Let h be w(2). Calculate the greatest common factor of h and 42.
42
Suppose -2*a + 5*q + 16040 = 0, 143*q = a + 139*q - 8032. Calculate the highest common divisor of 128 and a.
64
Suppose 2215 = 2*b - 4*c - 1015, -4*b + 2*c + 6460 = 0. Calculate the highest common divisor of b and 85.
85
Let t = -9112 + 9204. Calculate the highest common factor of 8188 and t.
92
Suppose v - m - 1375 = 0, -12 = -116*m + 112*m. Calculate the highest common divisor of v and 318.
106
Let i be 1 + 9993/12 + 3045/(-1740). What is the highest common divisor of i and 128?
64
Let k be ((-975)/50 - -13)/((-1)/2). Suppose 57 = -3*c - 264. Let a be (-12)/16 + c/(-4). Calculate the highest common factor of k and a.
13
Let b be 87/4 - 8*(-99)/(-1056). What is the highest common factor of b and 57666?
21
Let q be (4 + 3 - 15) + -15. Let o be q/92 - 3746/(-8). What is the highest common factor of o and 104?
52
Suppose -3*i = -n - 177, -16*i - 3*n = -15*i - 69. Let z(k) = -3*k - 9. Let v be z(-8). Let j be -3 - 5/(v/(-81)). What is the highest common factor of i and j?
12
Let d(p) = -6*p + 11. Let y be d(3). Let w be -1 + 20/35 - 3314/y. Calculate the highest common divisor of 11 and w.
11
Let i = 211 - 202. Suppose -620 = -13*m + i*m. Calculate the greatest common divisor of m and 31.
31
Let v = 90570 - 90568. Let w(n) = -3*n**3 - 2*n**2 + 5*n + 2. Let c be w(-3). Calculate the highest common factor of c and v.
2
Let h be ((-8)/6)/((-4)/510). Let l(t) = -t**3 - 12*t**2 - t + 34. Let u be l(0). Calculate the highest common divisor of u and h.
34
Suppose -3*m = -5*m. Suppose 0 = 5*q + 4*i - 25, 431*i - 14 = -q + 432*i. Suppose m = -h + 19 - q. Calculate the highest common factor of 5 and h.
5
Suppose -5*f - 5*l + 6910 = 0, -4*l - 828 = -f + 574. Calculate the greatest common divisor of f and 154.
154
Let u(p) = -p**2 + 7*p + 16. Let y be u(9). Let i be 248/24 - y/3. Suppose 5*f = 3*b + 64, 18 = 3*f - 0*b + 5*b. What is the highest common divisor of i and f?
11
Suppose 20*f + f - 336 = 0. Let n be (1/(-2))/((-4)/f). Calculate the greatest common factor of 2 and n.
2
Suppose 8018 + 85888 = 111*t. What is the greatest common factor of 144 and t?
18
Let u be 654/26 + (-14)/91. Suppose -8*m = -3*m - u, -2*p - 3*m = -169. Let f be 450/7 - 22/p. What is the highest common factor of f and 8?
8
Let v = 956 + -933. Calculate the highest common divisor of 33764 and v.
23
Let b be (120/96)/((-16)/(-1344)). Let q(k) = -9*k. Let s be q(-5). Calculate the highest common factor of s and b.
15
Let z(d) = -6*d + 16. Suppose 2*a + 3*a + 91 = 2*n, 2*a + 4*n = -46. Let s be z(a). Calculate the greatest common divisor of 26 and s.
26
Let v be (8 + -9)/(1/(-2)). Suppose -97*f - v = -96*f. Let d be (5 + f + -4)/((-1)/51). What is the highest common divisor of 34 and d?
17
Let s(v) = -113*v**2 + v + 1. Let h be s(-1). Let w = h + 156. Suppose 4*j - 3*t = 89, -t - w = 3*j - 5*j. What is the highest common divisor of j and 60?
20
Let i(h) = -3*h**2 - 16*h + 76. Let p be i(-8). What is the highest common factor of p and 10092?
12
Let h(x) = -40*x - 63. Let r be h(-12). Suppose 407 = -b + r. Suppose -1 - 11 = -2*g. What is the highest common factor of g and b?
2
Let t be 18*2 + ((1190/(-5))/14 - -12). Let l(q) = 9*q**2 - 3*q + 1. Let z be l(2). What is the highest common factor of z and t?
31
Suppose 796*r - 5508 = 760*r. Calculate the highest common factor of 289 and r.
17
Suppose -9*j + 143 = -46. Let u = -12 + j. Calculate the highest common divisor of 6 and u.
3
Suppose 0 = -5*b - 323 + 1058. Suppose 20*z - 21*z = -b. Let m(p) = 6*p**2 - 3*p + 3. Let v be m(2). Calculate the highest common divisor of v and z.
21
Let b = 21198 - 21183. Calculate the highest common factor of 25635 and b.
15
Let m = 5803 - 5787. Suppose 3*l - 8 = -l. Let r = m - l. What is the highest common factor of r and 7?
7
Suppose 56 = -4*v - 4*d, 8*d - 4*d - 64 = 4*v. Let g be (-663)/(-65) - (-18)/v. Calculate the greatest common diviso